{"id":1587,"date":"2024-03-21T20:17:18","date_gmt":"2024-03-21T20:17:18","guid":{"rendered":"https:\/\/viajes-anita.com\/promociones\/?page_id=1587"},"modified":"2024-06-03T19:50:55","modified_gmt":"2024-06-03T19:50:55","slug":"inicio","status":"publish","type":"page","link":"https:\/\/viajes-anita.com\/promociones\/","title":{"rendered":"Inicio"},"content":{"rendered":"\t\t<div data-elementor-type=\"wp-page\" data-elementor-id=\"1587\" class=\"elementor elementor-1587\" data-elementor-post-type=\"page\">\n\t\t\t\t<div class=\"elementor-element elementor-element-778f6900 e-con-full e-flex e-con e-parent\" data-id=\"778f6900\" data-element_type=\"container\" data-e-type=\"container\">\n\t\t\t\t<div class=\"elementor-element elementor-element-59860e05 elementor--h-position-center elementor--v-position-middle elementor-arrows-position-inside elementor-pagination-position-inside elementor-widget elementor-widget-slides\" data-id=\"59860e05\" data-element_type=\"widget\" data-e-type=\"widget\" data-settings=\"{&quot;autoplay_speed&quot;:8000,&quot;transition&quot;:&quot;fade&quot;,&quot;transition_speed&quot;:1000,&quot;navigation&quot;:&quot;both&quot;,&quot;autoplay&quot;:&quot;yes&quot;,&quot;pause_on_hover&quot;:&quot;yes&quot;,&quot;pause_on_interaction&quot;:&quot;yes&quot;,&quot;infinite&quot;:&quot;yes&quot;}\" data-widget_type=\"slides.default\">\n\t\t\t\t<div class=\"elementor-widget-container\">\n\t\t\t\t\t\t\t\t\t<div class=\"elementor-swiper\">\n\t\t\t\t\t<div class=\"elementor-slides-wrapper elementor-main-swiper swiper\" role=\"region\" aria-roledescription=\"carousel\" aria-label=\"Slides\" dir=\"ltr\" data-animation=\"zoomIn\">\n\t\t\t\t<div class=\"swiper-wrapper elementor-slides\">\n\t\t\t\t\t\t\t\t\t\t<div class=\"elementor-repeater-item-68721a9 swiper-slide\" role=\"group\" aria-roledescription=\"slide\"><div class=\"swiper-slide-bg elementor-ken-burns elementor-ken-burns--out\" role=\"img\" aria-label=\"Medelli\u0301n-Colombia-Inolvidable-banner\"><\/div><div class=\"elementor-background-overlay\"><\/div><div class=\"swiper-slide-inner\" ><div class=\"swiper-slide-contents\"><div class=\"elementor-slide-heading\">Vacaciones de Medio A\u00f1o<\/div><\/div><\/div><\/div><div class=\"elementor-repeater-item-0aa92a0 swiper-slide\" role=\"group\" aria-roledescription=\"slide\"><div class=\"swiper-slide-bg elementor-ken-burns elementor-ken-burns--out\" role=\"img\" aria-label=\"Medell\u00edn\"><\/div><div class=\"elementor-background-overlay\"><\/div><div class=\"swiper-slide-inner\" ><div class=\"swiper-slide-contents\"><div class=\"elementor-slide-heading\">Descubre Medell\u00edn en 4 d\u00edas<\/div><\/div><\/div><\/div><div class=\"elementor-repeater-item-5f05553 swiper-slide\" role=\"group\" aria-roledescription=\"slide\"><div class=\"swiper-slide-bg elementor-ken-burns elementor-ken-burns--out\" role=\"img\" aria-label=\"Medelli\u0301n-de-Rumba-Agosto-banner\"><\/div><div class=\"elementor-background-overlay\"><\/div><div class=\"swiper-slide-inner\" ><div class=\"swiper-slide-contents\"><div class=\"elementor-slide-heading\">Rumba en Medell\u00edn<\/div><\/div><\/div><\/div><div class=\"elementor-repeater-item-bd9dda7 swiper-slide\" role=\"group\" aria-roledescription=\"slide\"><div class=\"swiper-slide-bg elementor-ken-burns elementor-ken-burns--out\" role=\"img\" aria-label=\"Los Tamarindos-Medell\u00edn-Colombia\"><\/div><div class=\"elementor-background-overlay\"><\/div><div class=\"swiper-slide-inner\" ><div class=\"swiper-slide-contents\"><div class=\"elementor-slide-heading\">Vacaciones Escolares en Medell\u00edn<\/div><\/div><\/div><\/div><div class=\"elementor-repeater-item-c75a9db swiper-slide\" role=\"group\" aria-roledescription=\"slide\"><div class=\"swiper-slide-bg elementor-ken-burns elementor-ken-burns--out\" role=\"img\" aria-label=\"Pueblito-paisa-medellin-colombia-banner\"><\/div><div class=\"elementor-background-overlay\"><\/div><div class=\"swiper-slide-inner\" ><div class=\"swiper-slide-contents\"><div class=\"elementor-slide-heading\">Aventura Familiar en Medell\u00edn<\/div><\/div><\/div><\/div>\t\t\t\t<\/div>\n\t\t\t\t\t\t\t\t\t\t\t\t\t\t\t<div class=\"elementor-swiper-button elementor-swiper-button-prev\" role=\"button\" tabindex=\"0\" aria-label=\"Previous slide\">\n\t\t\t\t\t\t\t<svg aria-hidden=\"true\" class=\"e-font-icon-svg e-eicon-chevron-left\" viewBox=\"0 0 1000 1000\" xmlns=\"http:\/\/www.w3.org\/2000\/svg\"><path d=\"M646 125C629 125 613 133 604 142L308 442C296 454 292 471 292 487 292 504 296 521 308 533L604 854C617 867 629 875 646 875 663 875 679 871 692 858 704 846 713 829 713 812 713 796 708 779 692 767L438 487 692 225C700 217 708 204 708 187 708 171 704 154 692 142 675 129 663 125 646 125Z\"><\/path><\/svg>\t\t\t\t\t\t<\/div>\n\t\t\t\t\t\t<div class=\"elementor-swiper-button elementor-swiper-button-next\" role=\"button\" tabindex=\"0\" aria-label=\"Next slide\">\n\t\t\t\t\t\t\t<svg aria-hidden=\"true\" class=\"e-font-icon-svg e-eicon-chevron-right\" viewBox=\"0 0 1000 1000\" xmlns=\"http:\/\/www.w3.org\/2000\/svg\"><path d=\"M696 533C708 521 713 504 713 487 713 471 708 454 696 446L400 146C388 133 375 125 354 125 338 125 325 129 313 142 300 154 292 171 292 187 292 204 296 221 308 233L563 492 304 771C292 783 288 800 288 817 288 833 296 850 308 863 321 871 338 875 354 875 371 875 388 867 400 854L696 533Z\"><\/path><\/svg>\t\t\t\t\t\t<\/div>\n\t\t\t\t\t\t\t\t\t\t\t\t\t\t\t\t<div class=\"swiper-pagination\"><\/div>\n\t\t\t\t\t\t\t\t\t\t\t\t<\/div>\n\t\t\t\t<\/div>\n\t\t\t\t\t\t\t\t<\/div>\n\t\t\t\t<\/div>\n\t\t\t\t<\/div>\n\t\t<div class=\"elementor-element elementor-element-c8a740b e-flex e-con-boxed e-con e-parent\" data-id=\"c8a740b\" data-element_type=\"container\" data-e-type=\"container\">\n\t\t\t\t\t<div class=\"e-con-inner\">\n\t\t\t\t<div class=\"elementor-element elementor-element-99003a2 elementor-widget elementor-widget-heading\" data-id=\"99003a2\" data-element_type=\"widget\" data-e-type=\"widget\" data-widget_type=\"heading.default\">\n\t\t\t\t<div class=\"elementor-widget-container\">\n\t\t\t\t\t<h2 class=\"elementor-heading-title elementor-size-default\">\u00a1Descubre la vibrante ciudad de Medell\u00edn, Colombia!<\/h2>\t\t\t\t<\/div>\n\t\t\t\t<\/div>\n\t\t\t\t<div class=\"elementor-element elementor-element-4443d45 elementor-widget elementor-widget-text-editor\" data-id=\"4443d45\" data-element_type=\"widget\" data-e-type=\"widget\" data-widget_type=\"text-editor.default\">\n\t\t\t\t<div class=\"elementor-widget-container\">\n\t\t\t\t\t\t\t\t\t<p><strong>Medell\u00edn<\/strong> te espera con los brazos abiertos para ofrecerte <strong>una experiencia \u00fanica<\/strong> llena de <strong>aventura, cultura y diversi\u00f3n<\/strong>.<\/p>\t\t\t\t\t\t\t\t<\/div>\n\t\t\t\t<\/div>\n\t\t\t\t<div class=\"elementor-element elementor-element-1bdeaf5 elementor-hidden-tablet elementor-hidden-mobile elementor-widget elementor-widget-eael-image-accordion\" data-id=\"1bdeaf5\" data-element_type=\"widget\" data-e-type=\"widget\" data-widget_type=\"eael-image-accordion.default\">\n\t\t\t\t<div class=\"elementor-widget-container\">\n\t\t\t\t\t    <div class=\"eael-img-accordion accordion-direction-horizontal eael-img-accordion-horizontal-align-center eael-img-accordion-vertical-align-\" id=\"eael-img-accordion-1bdeaf5\" data-img-accordion-id=\"1bdeaf5\" data-img-accordion-type=\"on-click\">\n                    \n            <div class=\"eael-image-accordion-hover eael-image-accordion-item overlay-active\" style=\"background-image: url(https:\/\/viajes-anita.com\/promociones\/wp-content\/uploads\/2024\/03\/Guatape-Colombia.jpg); flex: 3 1 0%;\"  tabindex=\"0\">\n                <div class=\"overlay\">\n                                        <div class=\"overlay-inner  overlay-inner-show\">\n                        <h2 class=\"img-accordion-title\">\u00a1Descubre Medell\u00edn!<\/h2>                            <p><strong>\u00a1Medell\u00edn en 4 d\u00edas!<\/strong>\n\nDisfruta del <strong>20 al 23 julio 2024<\/strong> un viaje que te ofrece la oportunidad perfecta para crear recuerdos invaluables <strong>con tus seres queridos<\/strong>.\nDesde:<strong>$704<\/strong>\n\n<a href=\"https:\/\/viajes-anita.com\/promociones\/conoce-medellin\/\"><button>Reserva ahora<\/button><\/a><\/p>\n                                            <\/div>\n                <\/div>\n            <\/div>\n                    \n            <div class=\"eael-image-accordion-hover eael-image-accordion-item overlay-active\" style=\"background-image: url(https:\/\/viajes-anita.com\/promociones\/wp-content\/uploads\/2024\/03\/Medellin-Colombia-Chiva-Rumbera.jpg); flex: 3 1 0%;\"  tabindex=\"0\">\n                <div class=\"overlay\">\n                                        <div class=\"overlay-inner  overlay-inner-show\">\n                        <h2 class=\"img-accordion-title\">Feria de las Flores<\/h2>                            <p><p>\u00bfQuieres vivir una experiencia \u00fanica en la ciudad m\u00e1s vibrante de <strong>Colombia<\/strong>? Del 7 al 12 de agosto de 2024<br \/>Desde:<strong>$745<\/strong><\/p><p><a href=\"https:\/\/viajes-anita.com\/promociones\/conoce-medellin\/\"><button>Reserva ahora<\/button><\/a><\/p><\/p>\n                                            <\/div>\n                <\/div>\n            <\/div>\n                <\/div>\n        \t\t\t\t<\/div>\n\t\t\t\t<\/div>\n\t\t\t\t<div class=\"elementor-element elementor-element-52ea92b elementor-hidden-desktop elementor-widget elementor-widget-eael-image-accordion\" data-id=\"52ea92b\" data-element_type=\"widget\" data-e-type=\"widget\" data-widget_type=\"eael-image-accordion.default\">\n\t\t\t\t<div class=\"elementor-widget-container\">\n\t\t\t\t\t    <div class=\"eael-img-accordion accordion-direction-horizontal eael-img-accordion-horizontal-align-center eael-img-accordion-vertical-align-\" id=\"eael-img-accordion-52ea92b\" data-img-accordion-id=\"52ea92b\" data-img-accordion-type=\"on-click\">\n                    \n            <div class=\"eael-image-accordion-hover eael-image-accordion-item overlay-active\" style=\"background-image: url(https:\/\/viajes-anita.com\/promociones\/wp-content\/uploads\/2024\/03\/Medellin-Pueblito-paisa-2-Colombia-inolvidable.jpg); flex: 3 1 0%;\"  tabindex=\"0\">\n                <div class=\"overlay\">\n                                        <div class=\"overlay-inner  overlay-inner-show\">\n                        <h2 class=\"img-accordion-title\">Vacaciones de Medio A\u00f1o<\/h2>                            <p><strong>Del 8 al 11 de junio<\/strong>, descubre <strong>Medell\u00edn en familia<\/strong> y disfruta estas <strong>vacaciones escolares<\/strong>.\nDesde:<strong>$699<\/strong>\n<br>\n<a href=\"https:\/\/viajes-anita.com\/promociones\/conoce-medellin\/\"><button>Reserva ahora<\/button><\/a><\/p>\n                                            <\/div>\n                <\/div>\n            <\/div>\n                    \n            <div class=\"eael-image-accordion-hover eael-image-accordion-item overlay-active\" style=\"background-image: url(https:\/\/viajes-anita.com\/promociones\/wp-content\/uploads\/2024\/03\/Guatape-Colombia.jpg); flex: 3 1 0%;\"  tabindex=\"0\">\n                <div class=\"overlay\">\n                                        <div class=\"overlay-inner  overlay-inner-show\">\n                        <h2 class=\"img-accordion-title\">\u00a1Descubre Medell\u00edn!<\/h2>                            <p><strong>\u00a1Medell\u00edn en 4 d\u00edas!<\/strong>\n\nDisfruta del <strong>20 al 23 julio 2024<\/strong> un viaje que te ofrece la oportunidad perfecta para crear recuerdos invaluables <strong>con tus seres queridos<\/strong>.\nDesde:<strong>$704<\/strong>\n\n<a href=\"https:\/\/viajes-anita.com\/promociones\/conoce-medellin\/\"><button>Reserva ahora<\/button><\/a><\/p>\n                                            <\/div>\n                <\/div>\n            <\/div>\n                    \n            <div class=\"eael-image-accordion-hover eael-image-accordion-item overlay-active\" style=\"background-image: url(https:\/\/viajes-anita.com\/promociones\/wp-content\/uploads\/2024\/03\/Medellin-Colombia-Chiva-Rumbera.jpg); flex: 3 1 0%;\"  tabindex=\"0\">\n                <div class=\"overlay\">\n                                        <div class=\"overlay-inner  overlay-inner-show\">\n                        <h2 class=\"img-accordion-title\">Rumba en Medell\u00edn<\/h2>                            <p><strong>\u00bfTe gusta la rumba?<\/strong>\n\n\u00bfQuieres vivir una experiencia \u00fanica en la ciudad m\u00e1s vibrante de <strong>Colombia<\/strong>? Este <strong>viaje del 7 al 12 agosto 2024<\/strong> es perfecto para ti.\nDesde:<strong>$890<\/strong>\n\n<a href=\"https:\/\/viajes-anita.com\/promociones\/conoce-medellin\/\"><button>Reserva ahora<\/button><\/a><\/p>\n                                            <\/div>\n                <\/div>\n            <\/div>\n                <\/div>\n        \t\t\t\t<\/div>\n\t\t\t\t<\/div>\n\t\t\t\t<div class=\"elementor-element elementor-element-9598c05 elementor-hidden-tablet elementor-hidden-mobile elementor-widget elementor-widget-eael-image-accordion\" data-id=\"9598c05\" data-element_type=\"widget\" data-e-type=\"widget\" data-widget_type=\"eael-image-accordion.default\">\n\t\t\t\t<div class=\"elementor-widget-container\">\n\t\t\t\t\t    <div class=\"eael-img-accordion accordion-direction-horizontal eael-img-accordion-horizontal-align-center eael-img-accordion-vertical-align-center\" id=\"eael-img-accordion-9598c05\" data-img-accordion-id=\"9598c05\" data-img-accordion-type=\"on-click\">\n                    \n            <div class=\"eael-image-accordion-hover eael-image-accordion-item overlay-active\" style=\"background-image: url(https:\/\/viajes-anita.com\/promociones\/wp-content\/uploads\/2024\/03\/Jardin-botanico-medellin-colombia.jpg); flex: 3 1 0%;\"  tabindex=\"0\">\n                <div class=\"overlay\">\n                                        <div class=\"overlay-inner  overlay-inner-show\">\n                        <h2 class=\"img-accordion-title\">Vacaciones en Medell\u00edn<\/h2>                            <p><strong>Vacaciones Escolares<\/strong>\n<strong><span class=\"s1\">Del\u00a0<\/span><\/strong><span class=\"s2\"><strong>14 al 17 septiembre<\/strong>\u00a0prep\u00e1rate\u00a0<\/span><span class=\"s1\">para vivir una\u00a0<b>aventura familiar<\/b>\u00a0en\u00a0<b>Medell\u00edn<\/b>.<\/span>\nDesde:<strong>$699<\/strong>\n<br>\n<a href=\"https:\/\/viajes-anita.com\/promociones\/conoce-medellin\/\"><button>Reserva ahora<\/button><\/a><\/p>\n                                            <\/div>\n                <\/div>\n            <\/div>\n                    \n            <div class=\"eael-image-accordion-hover eael-image-accordion-item overlay-active\" style=\"background-image: url(https:\/\/viajes-anita.com\/promociones\/wp-content\/uploads\/2024\/03\/Pueblito-paisa.jpg); flex: 3 1 0%;\"  tabindex=\"0\">\n                <div class=\"overlay\">\n                                        <div class=\"overlay-inner  overlay-inner-show\">\n                        <h2 class=\"img-accordion-title\">Medell\u00edn Familiar<\/h2>                            <p><p>Estas vacaciones escolares, vive una aventura familiar inolvidable, en la vibrante ciudad de <strong>Medell\u00edn del 19 al 22 octubre 2024<\/strong>.<br \/>Desde:<strong>$698<\/strong><\/p><p><a href=\"https:\/\/viajes-anita.com\/promociones\/conoce-medellin\/\"><button>Reserva ahora<\/button><\/a><\/p><\/p>\n                                            <\/div>\n                <\/div>\n            <\/div>\n                <\/div>\n        \t\t\t\t<\/div>\n\t\t\t\t<\/div>\n\t\t\t\t<div class=\"elementor-element elementor-element-2c35610 elementor-hidden-desktop elementor-widget elementor-widget-eael-image-accordion\" data-id=\"2c35610\" data-element_type=\"widget\" data-e-type=\"widget\" data-widget_type=\"eael-image-accordion.default\">\n\t\t\t\t<div class=\"elementor-widget-container\">\n\t\t\t\t\t    <div class=\"eael-img-accordion accordion-direction-horizontal eael-img-accordion-horizontal-align-center eael-img-accordion-vertical-align-center\" id=\"eael-img-accordion-2c35610\" data-img-accordion-id=\"2c35610\" data-img-accordion-type=\"on-click\">\n                    \n            <div class=\"eael-image-accordion-hover eael-image-accordion-item overlay-active\" style=\"background-image: url(https:\/\/viajes-anita.com\/promociones\/wp-content\/uploads\/2024\/03\/Jardin-botanico-medellin-colombia.jpg); flex: 3 1 0%;\"  tabindex=\"0\">\n                <div class=\"overlay\">\n                                        <div class=\"overlay-inner  overlay-inner-show\">\n                        <h2 class=\"img-accordion-title\">Vacaciones en Medell\u00edn<\/h2>                            <p><strong>Vacaciones Escolares<\/strong>\n<strong><span class=\"s1\">Del\u00a0<\/span><\/strong><span class=\"s2\"><strong>14 al 17 septiembre<\/strong>\u00a0prep\u00e1rate\u00a0<\/span><span class=\"s1\">para vivir una\u00a0<b>aventura familiar<\/b>\u00a0en\u00a0<b>Medell\u00edn<\/b>.<\/span>\nDesde:<strong>$699<\/strong>\n<br>\n<a href=\"https:\/\/viajes-anita.com\/promociones\/conoce-medellin\/\"><button>Reserva ahora<\/button><\/a><\/p>\n                                            <\/div>\n                <\/div>\n            <\/div>\n                    \n            <div class=\"eael-image-accordion-hover eael-image-accordion-item overlay-active\" style=\"background-image: url(https:\/\/viajes-anita.com\/promociones\/wp-content\/uploads\/2024\/03\/Pueblito-paisa.jpg); flex: 3 1 0%;\"  tabindex=\"0\">\n                <div class=\"overlay\">\n                                        <div class=\"overlay-inner  overlay-inner-show\">\n                        <h2 class=\"img-accordion-title\">Medell\u00edn Familiar<\/h2>                            <p><p>Estas vacaciones escolares, vive una aventura familiar inolvidable, en la vibrante ciudad de <strong>Medell\u00edn del 19 al 22 octubre 2024<\/strong>.<br \/>Desde:<strong>$698<\/strong><\/p><p><a href=\"https:\/\/viajes-anita.com\/promociones\/conoce-medellin\/\"><button>Reserva ahora<\/button><\/a><\/p><\/p>\n                                            <\/div>\n                <\/div>\n            <\/div>\n                <\/div>\n        \t\t\t\t<\/div>\n\t\t\t\t<\/div>\n\t\t\t\t\t<\/div>\n\t\t\t\t<\/div>\n\t\t\t\t<\/div>\n\t\t","protected":false},"excerpt":{"rendered":"<p>Vacaciones de Medio A\u00f1oDescubre Medell\u00edn en 4 d\u00edasRumba en Medell\u00ednVacaciones Escolares en Medell\u00ednAventura Familiar en Medell\u00edn Previous slide Next slide \u00a1Descubre la vibrante ciudad de Medell\u00edn, Colombia! Medell\u00edn te espera con los brazos abiertos para ofrecerte una experiencia \u00fanica llena de aventura, cultura y diversi\u00f3n. \u00a1Descubre Medell\u00edn! \u00a1Medell\u00edn en 4 d\u00edas! Disfruta del 20 al [&hellip;]<\/p>\n","protected":false},"author":1,"featured_media":0,"parent":0,"menu_order":0,"comment_status":"closed","ping_status":"closed","template":"","meta":{"footnotes":""},"class_list":["post-1587","page","type-page","status-publish","hentry"],"_links":{"self":[{"href":"https:\/\/viajes-anita.com\/promociones\/wp-json\/wp\/v2\/pages\/1587","targetHints":{"allow":["GET"]}}],"collection":[{"href":"https:\/\/viajes-anita.com\/promociones\/wp-json\/wp\/v2\/pages"}],"about":[{"href":"https:\/\/viajes-anita.com\/promociones\/wp-json\/wp\/v2\/types\/page"}],"author":[{"embeddable":true,"href":"https:\/\/viajes-anita.com\/promociones\/wp-json\/wp\/v2\/users\/1"}],"replies":[{"embeddable":true,"href":"https:\/\/viajes-anita.com\/promociones\/wp-json\/wp\/v2\/comments?post=1587"}],"version-history":[{"count":448,"href":"https:\/\/viajes-anita.com\/promociones\/wp-json\/wp\/v2\/pages\/1587\/revisions"}],"predecessor-version":[{"id":5264,"href":"https:\/\/viajes-anita.com\/promociones\/wp-json\/wp\/v2\/pages\/1587\/revisions\/5264"}],"wp:attachment":[{"href":"https:\/\/viajes-anita.com\/promociones\/wp-json\/wp\/v2\/media?parent=1587"}],"curies":[{"name":"wp","href":"https:\/\/api.w.org\/{rel}","templated":true}]}}